hen l is divided by v.
0
Let x(h) = -5*h - 4. Suppose -20*y - 12*y + 2498 = -958. Calculate the remainder when y is divided by x(-7).
15
Suppose 0 = 7*v + 12 - 40. Suppose -800 = -v*r - 28*r. What is the remainder when 39 is divided by r?
14
Calculate the remainder when (-2 - -20)/(161/(-84) - -2) is divided by 7.
6
Let v = -22 - -145. Let h = -30730 - -30761. Calculate the remainder when v is divided by h.
30
Suppose 3*b + 1430 = 5*b - 2*u, -5*b = -u - 3555. What is the remainder when b is divided by 131?
55
Let w(d) = 24*d - 279. What is the remainder when 1888 is divided by w(16)?
103
Let b be 20/(-6)*(-108 - -66). Suppose b = 33*h - 28*h. What is the remainder when 105 is divided by h?
21
Suppose 0 = 191*x - 195*x. Suppose 4*c - 3*a - 1076 = -5*a, x = a + 2. What is the remainder when c is divided by 21?
18
What is the remainder when 68 + 21 - (-8)/(-6)*(-12)/(-8) is divided by 19?
11
Suppose -6*m - 160 = 80. What is the remainder when 107 is divided by (m/(-50))/((-1)/(-15))?
11
Let p = -1266 + 2035. What is the remainder when p is divided by 26?
15
Let d be -2 + 1 + (6 - 2). Suppose -2*x - 264 = -d*u + 3*x, 0 = 3*u - 4*x - 261. Calculate the remainder when u is divided by (-4)/6 - 44/(-3).
13
Let n be (-1)/2*(4 - 4). Suppose 2*t - 9 - 10 = 3*g, n = 3*g - 3. Suppose 23 = 2*y - t. Calculate the remainder when y is divided by 5.
2
Let a(p) = 5*p**3 - 2*p**2 + 9*p + 20. Let k be a(-4). Let z = k + 379. What is the remainder when 16 is divided by z?
5
Suppose -45*g - 232*g + 310240 = 0. What is the remainder when g is divided by 36?
4
Let j(p) = p**3 - 5*p**2 + 3*p - 2. Suppose 39*y - 36*y = 5*d + 345, 2*d = -y + 115. What is the remainder when y is divided by j(5)?
11
Let n = 297 + -440. Let l be (3 - 4) + 2 - n. Suppose -2*m - l = -178. What is the remainder when 49 is divided by m?
15
Suppose -5*p - 8 = -23. Suppose 2*d = 2*s - 34 - 14, -130 = -5*s + p*d. Let v = 15 + 38. Calculate the remainder when v is divided by s.
24
Suppose 62 = 2*k - 5*f + 326, 0 = -3*f + 12. Suppose -4*x = p + x - 32, 4*p - x = 86. Let u = p - k. Calculate the remainder when u is divided by 21.
18
What is the remainder when 5984 is divided by 1/(12/(-513))*(624/(-36) + 16)?
56
Let k(f) = 12*f - 32. Let j be k(2). Calculate the remainder when 68 is divided by 222/j*(-136)/102.
31
Let g(m) = -m**3 - 6*m**2 + 7*m - 22. Let a be g(-8). Let c = 116 - a. Calculate the remainder when 252 is divided by c.
54
Suppose 3*k = -2*u - 27, -5*k = 2*u + u + 45. Let y = k - -23. Let q = -115 + 123. Calculate the remainder when y is divided by q.
6
Suppose -1490 = -134*d + 129*d - 3*c, 3*d - 5*c = 860. Calculate the remainder when d is divided by 294.
1
Let a = -823 - -827. Suppose 4*h = z + 226 - 64, -a*h + 2*z + 160 = 0. What is the remainder when 43 is divided by h?
2
Suppose -519*w - 139*w + 31584 = 0. Calculate the remainder when 1/(0 - 2/(-186)) is divided by w.
45
What is the remainder when 54/(-189) - -54*54/14 is divided by 31?
22
Let i(j) = -11*j + 324. Calculate the remainder when i(26) is divided by (-1)/4 - 171/(-12).
10
Let c be 2/3 + (-640)/(-48). What is the remainder when (-10)/75*-3016 - c/105 is divided by 15?
12
Calculate the remainder when 177/(-1)*(-7)/21 is divided by (14/12)/(1547/(-1989)) - 30/(-4).
5
Suppose -3768 - 6472 = -128*j. Calculate the remainder when 243 is divided by j.
3
Let a(k) = -k - 17. Let n be a(-19). Suppose -o + 3*s = -11, 6*s - 46 = -n*o + 4*s. What is the remainder when 155 is divided by o?
15
Suppose 0 = 31*l + 93 - 403. Suppose l*o + 12 = 12*o. Suppose -4*w + 6*x + 33 = 3*x, 2*w - 13 = 5*x. What is the remainder when w is divided by o?
3
Suppose 154 = 3*y - y. Suppose -25*n + 18 = -19*n. Suppose 0*t = 2*h + 5*t - 25, -h = -n*t - 29. Calculate the remainder when y is divided by h.
17
Let x be (-20)/(-15) - (-2)/3. Suppose -8 = 4*y - x*u, -5*y + 0*u - 4 = -u. Suppose y*j - 4*j = -56. What is the remainder when 25 is divided by j?
11
Calculate the remainder when 212 is divided by (1005/(-10))/(75/(-50)).
11
Suppose 5*l - 13 = -43. Let w be (-2)/(((-4)/82)/(-1)). Let p = l - w. What is the remainder when p is divided by 12?
11
Suppose -i - 190 = -12*l + 9*l, 2*l - 4 = 0. Let w = -117 - i. What is the remainder when w is divided by 15?
7
Let v(w) = -5*w + 168. What is the remainder when v(6) is divided by 32?
10
Let s(w) = -2*w + 25. Suppose 0 = -4*j - 3*c + 16, -6 = -j - c - 3. Calculate the remainder when 31 is divided by s(j).
9
Suppose 3*s + 5*o = 520, -5*s + 805 = 2*o - 49. What is the remainder when s is divided by 3?
2
Let u = -92 + 102. Suppose -15*y + 368 + 667 = 0. Calculate the remainder when y is divided by u.
9
Suppose -12*h + 2473 = -5080 + 1985. What is the remainder when h is divided by 14?
2
Let t be (-2 - -13)*(0 + -1). Let v(k) = -22*k - 172. Let m be v(-9). Let p = m + t. What is the remainder when 41 is divided by p?
11
What is the remainder when 596 is divided by ((-140)/(-8) + 24)*(2 - 0)?
15
Suppose 4819 + 3265 = 4*z - d, 2*z - 4056 = 4*d. Suppose -32*b + z = -12*b. What is the remainder when b is divided by 8?
5
Let o(f) = 5*f + 34. Let r be o(-4). Suppose w = -2*a + 73, 365 = -9*w + r*w - 5*a. Calculate the remainder when w is divided by 43.
30
Let u(k) = k**3 + 11*k**2 + 38*k + 487. What is the remainder when 2897 is divided by u(-10)?
206
Let l(r) be the second derivative of -r**5/20 + 7*r**4/6 - 7*r**3/6 - 8*r**2 + 64*r. Calculate the remainder when 247 is divided by l(13).
61
Let u = 15916 + -15684. What is the remainder when 3704 is divided by u?
224
Let d = 360 - 355. Suppose -4*j = j + 2*y - 330, -d*y + 153 = 2*j. What is the remainder when j is divided by 18?
10
Suppose -5222*y - 529 = -5245*y. What is the remainder when 433 is divided by y?
19
Let m(d) = d**3 - 3*d**2 - 2*d - 5. Let q = -11 + 15. Let r = 5558 + -5539. Calculate the remainder when r is divided by m(q).
1
Let o(i) = -11*i - 68. Let b be o(-6). Let r = 22 - 18. Calculate the remainder when b*((-234)/r + 2) is divided by 23.
21
Let r = 199 - -187. Let y = 434 - r. Calculate the remainder when y is divided by 19.
10
Let p be 24/(-40) + 230/50. Suppose p*r = 66 + 278. What is the remainder when r is divided by 48?
38
Let y(a) = -1846*a - 3429. What is the remainder when 2143 is divided by y(-2)?
39
Let r(h) = -h**3 - 5*h**2 + 4*h + 10. Let p be r(-4). What is the remainder when 4/(-8)*-8 - p/1 is divided by 16?
10
Let f(q) = 11*q - 1. Let h(r) = -44*r + 4. Let v(n) = 9*f(n) + 2*h(n). Let i be v(2). What is the remainder when (3/(-9) + 2)/(1/i) is divided by 12?
11
Let k = -4497 + 6300. Suppose -25*a = 453 - k. What is the remainder when 593 is divided by a?
53
Suppose -5*r + 3*t = 114, 5*r - t + 11 = -97. Calculate the remainder when 3204/28 + (-12)/r is divided by 29.
28
Let o = 131 + -128. Suppose -o*c + c + 10 = 0. Let d = -8 + 17. What is the remainder when d is divided by c?
4
Suppose 3*l - 52 = -13. What is the remainder when (3/5)/((-91)/(-21385)) is divided by l?
11
Suppose -1506 = -76*c + 1230. What is the remainder when 7592 is divided by c?
32
Let f = 81 - -59. What is the remainder when 415 is divided by f?
135
Let z(q) = 3*q + 6. Let o be z(3). Suppose -6*m + 69 = o. Calculate the remainder when 15 is divided by (m/2)/((-3)/(-6)).
6
Let x(l) be the first derivative of -l**4/4 + 4*l**3/3 + 2*l**2 + 29*l - 130. What is the remainder when 693 is divided by x(5)?
21
What is the remainder when 180 is divided by 124 + -1 - 2538/282?
66
Suppose 0 = 7*h + 673 - 85. Let b = 61 + -38. What is the remainder when (-5 + h)*(-3 + 2) is divided by b?
20
Suppose 189*k - 9072 = 63*k. Calculate the remainder when 142 is divided by k.
70
Suppose 450*l - 425796 - 49936 = 8468. Calculate the remainder when l is divided by 173.
38
Suppose 0 = 3*s - 2*i + 45 - 145, -4*i = 4*s - 120. What is the remainder when 1566 is divided by s?
30
Let x(w) be the second derivative of -w**5/20 + 2*w**4/3 + w**3/2 + 48*w. Calculate the remainder when x(7) is divided by 18.
16
Let b be (-2 - (-34 + -1))/(9/(-42)). Let n = b - -236. Calculate the remainder when n is divided by 21.
19
Let c(v) = -741*v + 3789. Let x = 45 + -23. Calculate the remainder when c(5) is divided by x.
18
Suppose -55 = -12*y + 9*y - 5*u, 0 = 2*u + 2. Calculate the remainder when (-7)/2*(-66)/